+ (-11 - -16) - (-83 + 15 + -5)?
54
Calculate (3 - 4 - (-3 - -69)) + -10.
-77
Evaluate 38 - (12 + -13 + 73).
-34
Calculate 5 - (-5 + (5 - 2) - -108) - (274 - 258).
-117
Evaluate 17 + -2 + 33 + -40 - 18.
-10
Calculate 18 + -34 + 3 - (-1 - -4).
-16
50 + (143 - 178) + (2 - 0)
17
5 - (-1 - (-2 + 1) - (-3798 - -3776))
-17
Calculate 20 - (-16 + -69 - (-27 - 0)).
78
What is (-5 - (-5 - -28) - 49) + (-5 - -6)?
-76
What is (-5 - -3 - 2) + -2 + 153 + -157 - 16?
-26
What is 740 + -731 - (-36 - 0)?
45
What is the value of 4 - (-3 - (-5 + 10 + -9 - 86)) - -10?
-73
Evaluate -3 + 1 + 5 + (-8 - (-106 + -11 + 17)).
95
Evaluate -10 - (-3 - (1 + -3)) - (-4491 - -4527) - -15.
-30
What is the value of -2 - (-4 + -11) - ((-37 - 51) + 49)?
52
What is the value of 9 + (-6 - (3 + 19 + -28)) - (0 + -13)?
22
Evaluate 487 + -510 + -14 + 0.
-37
-2 + 11 - (30 - 29)
8
Evaluate -6957 - -7042 - (-2 + 34).
53
Evaluate 28 + -4 + -13 + 14 + -16.
9
What is 37 + -162 + -47 + 55?
-117
Evaluate 1031 - 1019 - (30 - (6 + (-3 - 0))).
-15
-44 + 8 + -6 + 22
-20
What is the value of ((7 - -12) + 1 - (148 + -113)) + 12?
-3
What is -11 + 29 - 143 - ((-9 - (-1 - 8)) + -9)?
-116
Evaluate 146 + -1 + (-61 - 50).
34
Calculate -32 + -3 + 12 - (-32 + -8).
17
What is -85 + 89 + (1 + 1 - (-18 - -24)) - 59?
-59
Evaluate 2 - 5 - -75 - (21 + 33 - 42).
60
Evaluate (59 + -75 - -14) + -33.
-35
Evaluate 53 - (54 - (19 + 39)).
57
Evaluate (-65 - (2 - 8)) + (13 + -4 + -20 - -14).
-56
Evaluate -81 - (-138 + 106 + -121).
72
Evaluate 22 + (3 - 152) + -268 + 254.
-141
Evaluate -4 - 0 - (22 + 2 + -370 + 335).
7
(2 - 12) + (12 - (-43 + 91))
-46
What is 46 - (-5 + 57) - (-3 + -10 + 3)?
4
Evaluate (16 - 4) + (4 - 17) + -16.
-17
What is the value of (-166 - -184) + (1 - -1) + -32?
-12
(-51 - (-36 + 15)) + 46
16
What is the value of -116 + 1 + (121 - (226 - 136))?
-84
Evaluate -43 + (-10 - -40 - 24).
-37
2 - (34 + -15) - (-60 + 41)
2
What is the value of 0 + -30 - (65 - 172)?
77
Calculate (18 - (-9 + 56)) + 2 + 57.
30
What is the value of 26 - 22 - (2 + 2 - 17)?
17
What is the value of (7 - 130) + (47 - (11 - 4))?
-83
Calculate 2 - (-84 - -120) - -74.
40
(12 - ((27 - 31) + 57)) + 2 + (-10 - 4)
-53
(2 - (-71 - -34 - 36)) + -34
41
-9 - (25 - 38 - 5) - -20
29
Evaluate (-7 + -5 + -11 - -10) + 7 - (3 + -52).
43
Evaluate -106 + 31 + 30 + 41.
-4
What is the value of 127 - (9 - (30 + 23 + -43 + 5))?
133
What is 86 - (-64 + (13 - -258))?
-121
Calculate (20 - (5 + 30)) + (-3 - (-19 + 6)).
-5
Calculate ((44 - 45) + -37 - -40) + 25 + 0.
27
Calculate 7 - -45 - (89 + -90 - (0 - -21) - -11).
63
Calculate 692 + -706 + (3 + -127 - (-14 + 8)).
-132
Calculate 42 - (-3 + (48 - 15) + 0).
12
Evaluate 4 + -60 + (-350 - -326).
-80
Evaluate 34 + -8 + -18 + (-1 - -37) - (8 + -3).
39
Evaluate 19 + 0 - (283 + -2 + -181).
-81
What is the value of 1 + (2 - -9) + (34 - 62)?
-16
Evaluate -135 + (-6 - 8) + 20 + (-9 - -17).
-121
78 - (43 - (95 - 209))
-79
Calculate -131 + 66 + -23 + 217.
129
What is the value of -111 + 16 + 47 - -7?
-41
What is the value of (-141 - -61) + 28 + 1 + -4?
-55
What is (-34 - -16) + 23 - (10 - (60 - -6))?
61
Calculate -7 - (-5 - 13 - (-65 + 58)).
4
Calculate -23 - (-81 - (66 + -193)).
-69
What is -68 + 19 + 8 - -56?
15
Evaluate 25 + -44 - (-23 - 35).
39
Calculate -1747 + 1848 - (-2 - (0 + 3) - -3).
103
What is the value of (10 - 36 - 57) + 92?
9
Evaluate (7 - 3 - (-605 - -576)) + -56.
-23
What is 19 + -81 + -1 + 19 - (-1 + -11)?
-32
What is the value of -11 + (-4 + 9 - -16) + 5 + -2?
13
What is -11 - (7 - (43 + -3 - (2 - 2)))?
22
Calculate (150 - 188) + (8 + 14 - 0).
-16
(43 - 49) + 44 - 23
15
Evaluate (2 - -11) + (-3 - -9 - (18 + -32)).
33
-13 + 21 - ((166 - 219) + 0 + (-2 - 0))
63
Calculate 68 - -58 - (-24 - -42 - (-2 - -5 - -5)).
116
Calculate 34 + -61 + 61 + 48 + -15.
67
Calculate (-20 - ((-12 - 33) + 3)) + 16.
38
What is 11 + -20 + 16 + 6 + -16 + 19?
16
(5 - ((18 - 5) + 70)) + -3 - -14
-67
-1036 + 1075 + (-20 - 2)
17
(66 + -51 - 27) + -23
-35
Evaluate 2 + 5 + 20 + -42 + (27 - 12).
0
Calculate (22 - (7 + 5)) + -67 - (-5 - 11 - -3).
-44
What is -73 + (66 - (-56 - -67))?
-18
What is -31 + (48 - 61 - (-31 - 3))?
-10
(5 - -2) + -14 + (-21 + 43 - (5 - -5))
5
Calculate (240 + -245 + (12 - 1) - 7) + 1.
0
What is the value of (-467 + 271 - -216) + (73 - 2) + 2?
93
385 + -426 + (-3 - 5 - -35)
-14
Evaluate (-151 + -4 - -260) + -17.
88
-2 + 94 + -43 + 27
76
What is the value of -1 + (-5 - 11) + (45 - (-64 + -18))?
110
Evaluate -22 + (40 - ((7 - -20) + -1)).
-8
What is -27 + 156 + -133 + 37?
33
What is 5 + (-11 - 11) + 9 - (-7 - 4)?
3
Evaluate (32 - (-3 + -6 + 21)) + -19 - (-3 - 1).
5
Calculate (-1 - 13 - -12) + (46 - 1) + 5.
48
What is 17 + 32 - (11 - (15 - 11) - 4)?
46
What is the value of (-1 - -5 - -18 - 9) + 42 + -24?
31
What is the value of (10 - -17) + -34 + 6 + (2 - 2)?
-1
What is -8 + 8 + (-5 - 3 - 1) + 2?
-7
Calculate 11 - (8 + -5) - (190 + -154).
-28
What is the value of (-14 - (-4 + 1)) + 58 - -1?
48
Evaluate (-10 - (17 - 25)) + 3 + 1 - -50.
52
-13 + (10 - (9 + 3)) - -24
9
Calculate -22 + -21 + 71 - 55.
-27
Calculate 2 + -22 - (-19 + (9 - 1) - -1) - -22.
12
2 + (-1 - 54 - (-19 + (64 - 29)))
-69
49 - -4 - (-934 + 1015)
-28
What is the value of 1 + (-4 - (-2 - -14)) + -7 + 5?
-17
What is the value of (-6 - -10) + -23 + 37 + (-19 - -2)?
1
What is the value of 0 + (1 - 11) + -89 + 90 + 1 + 66?
58
What is -58 + -6 + (-1 - (10 - 8 - 16))?
-51
What is the value of -1 - (-61 - (-4 + (-8 - (-7 + 10))))?
45
What is 8 + (0 + 13 - (-229 - -229))?
21
-22 + (-31 - (-69 + 50 - (-23 + 4)))
-53
Calculate (-36 - -10) + 0 + -5 + 115.
84
Evaluate 38 + -16 + -12 + 1 + -4 - 31.
-24
Evaluate (174 - 179) + (14 - 12 - -20).
17
What is the value of (4 - (-2 + 3 - 3)) + 5 + -25?
-14
Evaluate -7 + (8 - (-17 + -2)).
20
What is 7 + 9 - (276 + -256)?
-4
Evaluate (1 - (-8 + 10) - 19) + (1 - -2 - -4).
-13
Evaluate 17 + 4 + (212 - 122) - 19.
92
-17 + -9 - -126 - 54
46
What is the value of 9 + 38 + (16 + -9 - -6)?
60
What is -79 - (100 - 210) - (5 + -2)?
28
9 + (-58 - 3) + 54
2
What is 14 + -1 - (-100 - (20 + -80))?
53
What is the value of 24 + 1 - ((44 - 22) + -11) - (-32 - 2)?
48
17 + (-16 - -8) - (13 - (8 - 7 - 3))
-6
-45 + 41 + 22 + 25
43
(7 + 48 - (2 - -28)) + -28
-3
-97 + 17 + 109 - (14 - -1)
14
(3 + -4 - (-1 + 2 + -5 + 13)) + 60
50
What is 4 + 2 + (-6 - -24) - (100 + -101)?
25
Evaluate 13 + -18 + 20 + 14 + -20.
9
What is (25 - (3 + 48)) + 8 + 55?
37
What is the value of -24 - (-13 + 32) - (-63 + 59)?
-39
What is 62 + -40 - (-13 - -151 - 27)?
-89
14 + (2 - 4) + 42 + (-4 - 23)
27
What is -89 - (56 + -162 - -120)?
-103
Evaluate -10 + 3 + 6 + (13 - 3) + 1.
10
Calculate (4 - 3) + 25 - 25.
1
What is the value of (3 - 1) + 17 - (-282 + 258 + -1 + 15)?
29
Evaluate 20 - (38 - -6 - 49).
25
What is the value of 80 + (-52 - 36) + -1 + -14?
-23
Calculate 3 + 0 - 3 - (-268 + 252).
16
Evaluate (-18 - ((-39 - -5) + -69)) + -17.
68
What is 56 + -12 - 51 - 48?
-55
(3 + -33 - 2) + (-1095 - -1096) + -1 + -7
-39
Calculate (-84 - (-193 + 124)) + (-2 - -10).
-7
(145 - (44 + 51)) + (9 - 0)
59
Evaluate -17 - -1 - (43 + (19 - 74) - -9).
-13
What is the value of 53 + (52 - 27) + -62 + (-83 - 1)?
-68
(-10 - -16) + 0 + -74 + (-26 + 33 - -3)
-58
Evaluate -3 + (16 - (20 + -2)) + (-3 - -44).
36
Calculate (-30 - -40) + 54 - 36.
28
What is the value of -39 + (8 + 52 - 42)?
-21
What is (121 - 124) + (2 - (-4 - ((-2 - -1) + 2)))?
4
What is -4 - (-21 - ((-6 - 1) + 2)) - -3?
15
What is -104 + (-14 - -103) - (0 - -2 - 116)?
99
92 + -3 - (27 + (-75 - -31)) - 19
87
Calculate -13 - (-20 + 12 + 4 - 27) - 14.
4
Calculate -14 + 21 + -10 + 0 + (-10 + -4 - 4).
-21
What is the value of 149 + (4 - 26 - -3) + (-3 - (13 - 5))?
119
Calculate (0 + 52 - (3007 - 2988)) + -49.
-16
What is the value of -10 + 15 + (2 - -5) + -45 - (0 - 2)?
-31
Evaluate 21 + 17 + (-1 - -6 - -4).
47
6 + 38 + -10 + 15 + -7 + -4
38
What is the value of 11 + ((6 - -7) + -14 + 64 - 11)?
63
What is the value of (1 - -36) + (36 - 20) + -38 + 14?
29
Evaluate -36 + 0 - (-544 - -530).
-22
What is 8 - -2 - ((-35 - -68) + -34) - -18?
29
Evaluate (-17 + 1 - (-11 - (-13 - 9))) + -15.
-42
Evaluate (-1 + 2 - 6) + (-2 - -6) + -144 + 58.
-87
What is 7 + 2 - ((-9 + 2 - -4 - -9) + 54)?
-51
What is the value of (166 - 112 - 53) + (84 + 2